-5) - 178/(-10). Let f = g + -5. What is the units digit of f?
3
Suppose 5*f - 22 = -2. What is the tens digit of (-1 - f)*168/(-20)?
4
Suppose 0 = 4*w + 49 - 185. Suppose -w = -4*m - 14. Suppose 0 = -4*b + 3 + m. What is the units digit of b?
2
Suppose -3*a = 5*y - 144, -y + a = -a - 21. What is the tens digit of 6/y + 485/45?
1
Suppose 5*s + v + 10 = -2*v, 2*v + 8 = -2*s. What is the units digit of s?
1
Suppose a + 5*y + 1 = 2*a, -3*a - 53 = -y. Let j = 38 - a. What is the tens digit of j?
5
Suppose 2*n + 4 = -0*n. Let v(p) = 2*p**2 - 4*p - 3. Let k be v(n). Suppose -2*t - k = 4*m - 45, m + 2*t - 14 = 0. What is the units digit of m?
6
Suppose -n + 268 = 3*n. Suppose -2*j + 3*j = 3. Suppose -j*w = -5*g - n, -w = -4*g + 3*g - 19. What is the units digit of w?
4
Let v = 7 + -4. Suppose v*b - 21 - 36 = 0. What is the units digit of b?
9
Let w(i) = -i**2 - 7*i + 4. What is the units digit of w(-7)?
4
What is the tens digit of ((-100)/5)/((-4)/6)?
3
Suppose -r - 10 = 1. Let j = -42 - -59. Let y = j + r. What is the units digit of y?
6
Let k be (-1 - -1) + 1/(-1). Let t = -3 + k. Let w = 0 - t. What is the units digit of w?
4
Suppose m - 24 = -2*k, 24 = -4*k - m + 76. What is the units digit of k?
4
Suppose -5*v = -5*w - 0*v + 50, 0 = -2*w + v + 19. Let r(u) = -u**2 + 12*u + 9. What is the units digit of r(w)?
6
Suppose 0*g + 4*t = 4*g - 88, 0 = 5*g - t - 118. What is the units digit of g?
4
Let a = -66 - -76. Let r(p) = p**3 - 3*p**2 - 6*p + 5. Let l be r(4). Let w = l + a. What is the units digit of w?
7
Let o = -7 - -11. Suppose 3*u - 20 = -3*c + 2*u, 3*c = o*u + 40. What is the units digit of c?
8
What is the units digit of (-3 - (-3 + -1)) + 4?
5
Let k = 1 - -1. Suppose -k*j - j + 5*a + 53 = 0, -a + 7 = j. What is the tens digit of j?
1
Suppose 2*d - 100 = -2*d. What is the tens digit of d?
2
Let n(d) = 3*d + 1. Let j(m) = -2*m**3 - 2*m**2 + 1. Let v be (-1)/(0 - (2 + -3)). Let f be j(v). What is the units digit of n(f)?
4
Suppose -23 = 3*m - 119. What is the units digit of m?
2
What is the tens digit of 4*((-870)/(-12) - 4)?
7
Let s = 5 + -2. What is the units digit of (1 - 0)/(s/24)?
8
What is the hundreds digit of (3 + 1)*(-423)/(-12)?
1
Let l(f) = -f**3 + 5*f**2 + 2*f - 5. Let x be l(5). Suppose -b + x = 4*b. What is the units digit of b?
1
Let m(k) = -k**3 - 5*k**2 - 2*k + 7. Let z be m(-5). Let i = -16 - -27. Let x = z - i. What is the units digit of x?
6
Suppose 3*x - 293 = 4*b, -x + 76 = -0*x + 3*b. What is the tens digit of x?
9
Let z = -4 - -10. Let d be (-10)/(z/(-15) - 0). Suppose 5*b = -d, 5*b + 24 - 4 = -x. What is the units digit of x?
5
What is the units digit of 3 - 8/(2/(-1))?
7
Let w be 1/2*1 - 364/56. Let x be 2 + -1 + 1 + 6. Let k = w + x. What is the units digit of k?
2
Let p(h) = h**2 - 4*h**2 - 4 + 0 + 4*h**2. What is the units digit of p(4)?
2
Let o = -33 - -46. What is the units digit of o?
3
What is the hundreds digit of 12405/60 - (-3)/(-4)?
2
Suppose 0*q - 2*z = -q + 13, -2*q = -2*z - 20. What is the units digit of q?
7
Let g(v) = -10*v**3 - 2*v**2 - v. Let b(o) = o - 3. Suppose -5*y = 2*z - 9, 0 = -3*z - 2*y - 2*y + 10. Let t be b(z). What is the units digit of g(t)?
9
Suppose 2*d - 16 - 18 = -2*i, -2*i - 26 = -2*d. What is the units digit of d?
5
What is the hundreds digit of 241 - 3*1/(-3)?
2
What is the hundreds digit of (-485)/(-3) - (-2)/(-3)?
1
What is the units digit of 3 + -5 - (0 + -311)?
9
Suppose 0*j = -21*j + 7959. What is the hundreds digit of j?
3
What is the tens digit of (-1)/6*-3 - 91/(-2)?
4
Suppose -6 = 5*m - 16. Suppose y = 2*l + 7, 4*y - l + m = 9. What is the units digit of y?
1
Let s = 17 - 14. Suppose 0*y - s*y = c - 14, -2*y - 2*c + 8 = 0. What is the units digit of y?
5
Let v be -1 - -2 - (6 - 3). Let g(p) = -1 + 3 - 3 - p. What is the units digit of g(v)?
1
Let g = 3 + -7. Let a = 11 + g. What is the units digit of a?
7
Let d(n) = 3*n**2 + 12*n - 1. Let y be d(9). What is the tens digit of y/15*(-6)/(-4)?
3
Let w = -38 + 20. Let c = 0 - w. Suppose 4*i = i + c. What is the units digit of i?
6
Let a = -36 - -67. What is the units digit of a?
1
Suppose z = 5*x - 0*x - 272, 2*x - 4*z - 98 = 0. What is the tens digit of x?
5
Suppose 2*x + 3*x - 3 = h, 2*x - 9 = 3*h. Suppose x = -k + 3 + 10. What is the tens digit of k?
1
Suppose 12 = 5*k - 4*k. Let g = 35 - k. What is the tens digit of g?
2
Suppose -2*k + 6 = 5*n, n + 2 - 14 = -4*k. Let r be (-1)/5*(4 - 14). Suppose -r*p = -k*p + 12. What is the units digit of p?
2
Let c = 17 + -1. What is the units digit of 2/(c/108)*2?
7
Let m(v) = v**2 + 4*v - 5. Let d(w) = -2*w**2 + 3*w - 3. Let q be d(2). Let z be m(q). Suppose z + 2 = 2*c. What is the units digit of c?
1
Suppose 0 = x - 8 - 32. Suppose -3*m + 2*c + 3*c = -41, -4*m = -3*c - x. What is the units digit of m?
7
Let i(n) = -20*n**2 + 47*n - 4. Let p(s) = -7*s**2 + 16*s - 1. Let t(g) = 6*i(g) - 17*p(g). What is the units digit of t(8)?
9
Suppose -4*l - 45 = l. Let d(u) = -u**2. Let z(x) = -x**3 - 9*x**2 - 10*x - 10. Let m(y) = -d(y) - z(y). What is the units digit of m(l)?
1
Let m be 0*((-21)/6)/7. Suppose -6*k + k + 90 = m. What is the tens digit of k?
1
Let n be (-10)/4*(-12)/15. Let v(a) = 8 + 9*a + a**3 - 4*a - 7*a**2 - n*a**3 + 2*a**3. What is the units digit of v(6)?
2
Suppose 0*k + 10 = 2*k. Suppose -5*w + 10 = -k. Suppose -w*n = -10 - 14. What is the units digit of n?
8
Suppose 0 = -0*u + u - 13. What is the tens digit of u?
1
Let j = -5 + 19. What is the tens digit of j?
1
Let j be ((-3)/(-3))/(2/10). Let m be (-110)/25 + 2/j. What is the units digit of 2*-3*2/m?
3
Let b(y) = 25*y - 5. Let s(f) = 13*f - 3. Let g(x) = 4*b(x) - 7*s(x). What is the units digit of g(1)?
0
Suppose 8 - 20 = -3*m. Suppose m*l - 22 = 6. What is the units digit of l?
7
Let z(d) = 30*d**2 + 3*d - 1. Let x be z(2). Suppose 8*u = 3*u + x. What is the units digit of u?
5
Let y = 6 + -11. What is the units digit of (2 - 0 - y) + 0?
7
Suppose -4*k = -t - 0*t - 1, 0 = -t - 5. Let g = k - -3. Suppose 5 = -g*v + 7*v. What is the units digit of v?
1
Suppose 0 = -2*f - 4, -t = -0*t + 3*f - 59. What is the units digit of t?
5
Suppose 2*j - 1 = 5. Suppose -20 = -3*a - 5*z + 2, -2*a + 2 = -j*z. Suppose 1 + 23 = a*f. What is the units digit of f?
6
Suppose 0 = 2*i + 2*b + 8, 4*i - 4*b = i + 9. Let l(j) = -j**2 + 6*j + 1. Let n be l(6). What is the units digit of i/n*(-3 - -1)?
2
Let s be 160/24 + (-2)/3. Let z = 5 + -3. Let i = s - z. What is the units digit of i?
4
Suppose 10 = -5*f, 0 = -2*x + 6*x + 5*f - 6. Suppose 0 = 2*n + 4*i, 3*n - 4*n + x = -2*i. What is the units digit of n?
2
Let v(y) = y**3 - 7*y**2 - 10*y + 3. Let u(r) = -r**3 + r. Let d(n) = 2*u(n) + v(n). What is the tens digit of d(-6)?
1
Let q(j) = -3*j - 18. Let z be q(-8). Suppose g - 49 = t, -z*g + g - t = -275. What is the tens digit of g?
5
Suppose 3*w - 4*w = -50. What is the tens digit of w?
5
Suppose 3*b = 0, -5*b - 462 = g - 4*g. What is the hundreds digit of g?
1
Let l be 4/(4/21) + 0. Suppose w = -0*w + l. What is the units digit of 15/w - 2/(-7)?
1
What is the hundreds digit of (-178)/(-8)*(-8)/(-20)*20?
1
Let f = -44 - -87. What is the units digit of f?
3
Let i = 17 + -14. Suppose 0 = -5*s + 53 - i. What is the tens digit of s?
1
Suppose 0 = 2*f - 5 - 1. Suppose 3*o - 4*o + s + 3 = 0, -f*o + s + 13 = 0. What is the units digit of o?
5
Suppose 3*q - 52 = -2*u, 3*u - 80 = u + 4*q. What is the tens digit of u?
3
Let w(l) = 2*l - 3. Let s be w(0). What is the units digit of -2 - 3/3*s?
1
Let n(p) = -p**2 + 39*p - 20. What is the units digit of n(37)?
4
Suppose -7*u - u = -168. What is the tens digit of u?
2
Let f = 11 + -23. What is the units digit of (-2)/6 + (-16)/f?
1
Let m(i) = -i**2 - 2*i - 1. Let x be m(-2). Let s(o) = -7*o. Let a be s(x). Suppose a = 3*b - 11. What is the units digit of b?
6
Let j be (3/2)/((-9)/(-6)). What is the tens digit of j/6 + (-411)/(-18)?
2
Suppose 4*y - q - 659 = 0, q + 825 = -y + 6*y. What is the tens digit of y?
6
Suppose 70 = 3*o - 20. What is the units digit of o?
0
Suppose 4*y = v - 5 - 1, -v = -3*y - 5. Suppose -m + 14 = v*o + 3*m, -9 = -3*m. What is the units digit of ((-2)/(-1))/2 + o?
2
Suppose 4 = 5*m - 3*m. Suppose m*o = -0*o - 5*i + 17, 0 = 4*o - 2*i - 46. What is the tens digit of o?
1
Let n(y) = 